{"id":3375,"date":"2023-06-13T16:44:38","date_gmt":"2023-06-13T19:44:38","guid":{"rendered":"https:\/\/agenciaprana.com.br\/doutores\/sitenovo\/?page_id=3375"},"modified":"2025-01-14T17:10:17","modified_gmt":"2025-01-14T20:10:17","slug":"marketing-para-medicos","status":"publish","type":"page","link":"https:\/\/agenciaprana.com.br\/doutores\/marketing-para-medicos\/","title":{"rendered":"Marketing para M\u00e9dicos"},"content":{"rendered":"\t\t<div data-elementor-type=\"wp-page\" data-elementor-id=\"3375\" class=\"elementor elementor-3375\" data-elementor-post-type=\"page\">\n\t\t\t\t<div class=\"elementor-element elementor-element-583840c e-flex e-con-boxed e-con e-parent\" data-id=\"583840c\" data-element_type=\"container\" data-e-type=\"container\" data-settings=\"{&quot;background_background&quot;:&quot;classic&quot;,&quot;jet_parallax_layout_list&quot;:[]}\">\n\t\t\t\t\t<div class=\"e-con-inner\">\n\t\t\t\t<div class=\"elementor-element elementor-element-9fece18 elementor-widget__width-initial elementor-widget-mobile__width-inherit elementor-widget elementor-widget-heading\" data-id=\"9fece18\" data-element_type=\"widget\" data-e-type=\"widget\" data-widget_type=\"heading.default\">\n\t\t\t\t\t<h2 class=\"elementor-heading-title elementor-size-default\">Marketing para M\u00e9dicos<\/h2>\t\t\t\t<\/div>\n\t\t\t\t\t<\/div>\n\t\t\t\t<\/div>\n\t\t<div class=\"elementor-element elementor-element-f3dbd8c e-flex e-con-boxed e-con e-parent\" data-id=\"f3dbd8c\" data-element_type=\"container\" data-e-type=\"container\" data-settings=\"{&quot;jet_parallax_layout_list&quot;:[]}\">\n\t\t\t\t\t<div class=\"e-con-inner\">\n\t\t<div class=\"elementor-element elementor-element-e655f69 e-con-full e-flex e-con e-child\" data-id=\"e655f69\" data-element_type=\"container\" data-e-type=\"container\" data-settings=\"{&quot;jet_parallax_layout_list&quot;:[]}\">\n\t\t\t\t<div class=\"elementor-element elementor-element-1ca11bd elementor-widget elementor-widget-image\" data-id=\"1ca11bd\" data-element_type=\"widget\" data-e-type=\"widget\" data-widget_type=\"image.default\">\n\t\t\t\t\t\t\t\t\t\t\t\t\t\t\t<img fetchpriority=\"high\" decoding=\"async\" width=\"726\" height=\"726\" src=\"https:\/\/agenciaprana.com.br\/doutores\/wp-content\/uploads\/2023\/06\/gerenciamento-de-redes-sociais-prana-doutores.png\" class=\"attachment-large size-large wp-image-70\" alt=\"\" srcset=\"https:\/\/agenciaprana.com.br\/doutores\/wp-content\/uploads\/2023\/06\/gerenciamento-de-redes-sociais-prana-doutores.png 726w, https:\/\/agenciaprana.com.br\/doutores\/wp-content\/uploads\/2023\/06\/gerenciamento-de-redes-sociais-prana-doutores-300x300.png 300w, https:\/\/agenciaprana.com.br\/doutores\/wp-content\/uploads\/2023\/06\/gerenciamento-de-redes-sociais-prana-doutores-150x150.png 150w\" sizes=\"(max-width: 726px) 100vw, 726px\" \/>\t\t\t\t\t\t\t\t\t\t\t\t\t\t\t<\/div>\n\t\t\t\t<\/div>\n\t\t<div class=\"elementor-element elementor-element-73ba38c e-con-full e-flex e-con e-child\" data-id=\"73ba38c\" data-element_type=\"container\" data-e-type=\"container\" data-settings=\"{&quot;jet_parallax_layout_list&quot;:[]}\">\n\t\t\t\t<div class=\"elementor-element elementor-element-73b2ad4 elementor-widget elementor-widget-heading\" data-id=\"73b2ad4\" data-element_type=\"widget\" data-e-type=\"widget\" data-widget_type=\"heading.default\">\n\t\t\t\t\t<h2 class=\"elementor-heading-title elementor-size-default\">Gest\u00e3o de Redes Sociais<\/h2>\t\t\t\t<\/div>\n\t\t\t\t<div class=\"elementor-element elementor-element-466fccb elementor-widget elementor-widget-text-editor\" data-id=\"466fccb\" data-element_type=\"widget\" data-e-type=\"widget\" data-widget_type=\"text-editor.default\">\n\t\t\t\t\t\t\t\t\t<p>Com nossa equipe de especialistas em marketing para m\u00e9dicos, voc\u00ea ter\u00e1 acesso a estrat\u00e9gias comprovadas para aumentar sua presen\u00e7a online, gerar leads e aumentar suas convers\u00f5es, ou seja, vender mais e captar mais pacientes.<\/p>\t\t\t\t\t\t\t\t<\/div>\n\t\t\t\t<div class=\"elementor-element elementor-element-f26315b elementor-widget elementor-widget-button\" data-id=\"f26315b\" data-element_type=\"widget\" data-e-type=\"widget\" data-widget_type=\"button.default\">\n\t\t\t\t\t\t\t\t\t\t<a class=\"elementor-button elementor-button-link elementor-size-sm\" href=\"https:\/\/agenciaprana.com.br\/doutores\/marketing-para-medicos\/gestao-de-redes-sociais\/\">\n\t\t\t\t\t\t<span class=\"elementor-button-content-wrapper\">\n\t\t\t\t\t\t\t\t\t<span class=\"elementor-button-text\">Saiba mais<\/span>\n\t\t\t\t\t<\/span>\n\t\t\t\t\t<\/a>\n\t\t\t\t\t\t\t\t<\/div>\n\t\t\t\t<\/div>\n\t\t\t\t\t<\/div>\n\t\t\t\t<\/div>\n\t\t<div class=\"elementor-element elementor-element-38047cb e-flex e-con-boxed e-con e-parent\" data-id=\"38047cb\" data-element_type=\"container\" data-e-type=\"container\" data-settings=\"{&quot;jet_parallax_layout_list&quot;:[]}\">\n\t\t\t\t\t<div class=\"e-con-inner\">\n\t\t<div class=\"elementor-element elementor-element-f8040d4 e-con-full e-flex e-con e-child\" data-id=\"f8040d4\" data-element_type=\"container\" data-e-type=\"container\" data-settings=\"{&quot;jet_parallax_layout_list&quot;:[]}\">\n\t\t\t\t<div class=\"elementor-element elementor-element-c496340 elementor-widget elementor-widget-image\" data-id=\"c496340\" data-element_type=\"widget\" data-e-type=\"widget\" data-widget_type=\"image.default\">\n\t\t\t\t\t\t\t\t\t\t\t\t\t\t\t<img decoding=\"async\" width=\"726\" height=\"726\" src=\"https:\/\/agenciaprana.com.br\/doutores\/wp-content\/uploads\/2023\/06\/gestao-de-trafego-pago-google-e-metaads-prana-doutores.png\" class=\"attachment-large size-large wp-image-65\" alt=\"\" srcset=\"https:\/\/agenciaprana.com.br\/doutores\/wp-content\/uploads\/2023\/06\/gestao-de-trafego-pago-google-e-metaads-prana-doutores.png 726w, https:\/\/agenciaprana.com.br\/doutores\/wp-content\/uploads\/2023\/06\/gestao-de-trafego-pago-google-e-metaads-prana-doutores-300x300.png 300w, https:\/\/agenciaprana.com.br\/doutores\/wp-content\/uploads\/2023\/06\/gestao-de-trafego-pago-google-e-metaads-prana-doutores-150x150.png 150w\" sizes=\"(max-width: 726px) 100vw, 726px\" \/>\t\t\t\t\t\t\t\t\t\t\t\t\t\t\t<\/div>\n\t\t\t\t<\/div>\n\t\t<div class=\"elementor-element elementor-element-33bf4e1 e-con-full e-flex e-con e-child\" data-id=\"33bf4e1\" data-element_type=\"container\" data-e-type=\"container\" data-settings=\"{&quot;jet_parallax_layout_list&quot;:[]}\">\n\t\t\t\t<div class=\"elementor-element elementor-element-41bf876 elementor-widget elementor-widget-heading\" data-id=\"41bf876\" data-element_type=\"widget\" data-e-type=\"widget\" data-widget_type=\"heading.default\">\n\t\t\t\t\t<h2 class=\"elementor-heading-title elementor-size-default\">Gest\u00e3o de Tr\u00e1fego Pago\n<br>Google e MetaAds<\/h2>\t\t\t\t<\/div>\n\t\t\t\t<div class=\"elementor-element elementor-element-bbff379 elementor-widget elementor-widget-text-editor\" data-id=\"bbff379\" data-element_type=\"widget\" data-e-type=\"widget\" data-widget_type=\"text-editor.default\">\n\t\t\t\t\t\t\t\t\t<p>Investir em tr\u00e1fego pago \u00e9 uma estrat\u00e9gia comprovada para alavancar o crescimento da sua cl\u00ednica m\u00e9dica e conquistar mais pacientes particulares, constituindo um pilar imprescind\u00edvel nas estrat\u00e9gias de sucesso de marketing para m\u00e9dicos.<\/p>\t\t\t\t\t\t\t\t<\/div>\n\t\t\t\t<div class=\"elementor-element elementor-element-fb79960 elementor-widget elementor-widget-button\" data-id=\"fb79960\" data-element_type=\"widget\" data-e-type=\"widget\" data-widget_type=\"button.default\">\n\t\t\t\t\t\t\t\t\t\t<a class=\"elementor-button elementor-button-link elementor-size-sm\" href=\"https:\/\/agenciaprana.com.br\/doutores\/marketing-para-medicos\/trafego-pago\/\">\n\t\t\t\t\t\t<span class=\"elementor-button-content-wrapper\">\n\t\t\t\t\t\t\t\t\t<span class=\"elementor-button-text\">Saiba mais<\/span>\n\t\t\t\t\t<\/span>\n\t\t\t\t\t<\/a>\n\t\t\t\t\t\t\t\t<\/div>\n\t\t\t\t<\/div>\n\t\t\t\t\t<\/div>\n\t\t\t\t<\/div>\n\t\t<div class=\"elementor-element elementor-element-906dd5b e-flex e-con-boxed e-con e-parent\" data-id=\"906dd5b\" data-element_type=\"container\" data-e-type=\"container\" data-settings=\"{&quot;jet_parallax_layout_list&quot;:[]}\">\n\t\t\t\t\t<div class=\"e-con-inner\">\n\t\t<div class=\"elementor-element elementor-element-fd408b8 e-con-full e-flex e-con e-child\" data-id=\"fd408b8\" data-element_type=\"container\" data-e-type=\"container\" data-settings=\"{&quot;jet_parallax_layout_list&quot;:[]}\">\n\t\t\t\t<div class=\"elementor-element elementor-element-bc80d9a elementor-widget elementor-widget-image\" data-id=\"bc80d9a\" data-element_type=\"widget\" data-e-type=\"widget\" data-widget_type=\"image.default\">\n\t\t\t\t\t\t\t\t\t\t\t\t\t\t\t<img decoding=\"async\" width=\"724\" height=\"726\" src=\"https:\/\/agenciaprana.com.br\/doutores\/wp-content\/uploads\/2023\/06\/criacao-de-site-prana-doutores.png\" class=\"attachment-large size-large wp-image-69\" alt=\"\" srcset=\"https:\/\/agenciaprana.com.br\/doutores\/wp-content\/uploads\/2023\/06\/criacao-de-site-prana-doutores.png 724w, https:\/\/agenciaprana.com.br\/doutores\/wp-content\/uploads\/2023\/06\/criacao-de-site-prana-doutores-300x300.png 300w, https:\/\/agenciaprana.com.br\/doutores\/wp-content\/uploads\/2023\/06\/criacao-de-site-prana-doutores-150x150.png 150w\" sizes=\"(max-width: 724px) 100vw, 724px\" \/>\t\t\t\t\t\t\t\t\t\t\t\t\t\t\t<\/div>\n\t\t\t\t<\/div>\n\t\t<div class=\"elementor-element elementor-element-7ee5c87 e-con-full e-flex e-con e-child\" data-id=\"7ee5c87\" data-element_type=\"container\" data-e-type=\"container\" data-settings=\"{&quot;jet_parallax_layout_list&quot;:[]}\">\n\t\t\t\t<div class=\"elementor-element elementor-element-ea7cbe5 elementor-widget elementor-widget-heading\" data-id=\"ea7cbe5\" data-element_type=\"widget\" data-e-type=\"widget\" data-widget_type=\"heading.default\">\n\t\t\t\t\t<h2 class=\"elementor-heading-title elementor-size-default\">Cria\u00e7\u00e3o de Site<\/h2>\t\t\t\t<\/div>\n\t\t\t\t<div class=\"elementor-element elementor-element-4af649b elementor-widget elementor-widget-text-editor\" data-id=\"4af649b\" data-element_type=\"widget\" data-e-type=\"widget\" data-widget_type=\"text-editor.default\">\n\t\t\t\t\t\t\t\t\t<p>Um site responsivo, f\u00e1cil de navegar e capaz de captar pacientes \u00e9 um dos pilares principais de uma estrat\u00e9gia eficaz de marketing para m\u00e9dicos.<\/p>\t\t\t\t\t\t\t\t<\/div>\n\t\t\t\t<div class=\"elementor-element elementor-element-24e33b0 elementor-widget elementor-widget-button\" data-id=\"24e33b0\" data-element_type=\"widget\" data-e-type=\"widget\" data-widget_type=\"button.default\">\n\t\t\t\t\t\t\t\t\t\t<a class=\"elementor-button elementor-button-link elementor-size-sm\" href=\"https:\/\/agenciaprana.com.br\/doutores\/marketing-para-medicos\/criacao-site\/\">\n\t\t\t\t\t\t<span class=\"elementor-button-content-wrapper\">\n\t\t\t\t\t\t\t\t\t<span class=\"elementor-button-text\">Saiba mais<\/span>\n\t\t\t\t\t<\/span>\n\t\t\t\t\t<\/a>\n\t\t\t\t\t\t\t\t<\/div>\n\t\t\t\t<\/div>\n\t\t\t\t\t<\/div>\n\t\t\t\t<\/div>\n\t\t<div class=\"elementor-element elementor-element-1d4e985 e-flex e-con-boxed e-con e-parent\" data-id=\"1d4e985\" data-element_type=\"container\" data-e-type=\"container\" data-settings=\"{&quot;jet_parallax_layout_list&quot;:[]}\">\n\t\t\t\t\t<div class=\"e-con-inner\">\n\t\t<div class=\"elementor-element elementor-element-d9b3015 e-con-full e-flex e-con e-child\" data-id=\"d9b3015\" data-element_type=\"container\" data-e-type=\"container\" data-settings=\"{&quot;jet_parallax_layout_list&quot;:[]}\">\n\t\t\t\t<div class=\"elementor-element elementor-element-cf890c1 elementor-widget elementor-widget-image\" data-id=\"cf890c1\" data-element_type=\"widget\" data-e-type=\"widget\" data-widget_type=\"image.default\">\n\t\t\t\t\t\t\t\t\t\t\t\t\t\t\t<img loading=\"lazy\" decoding=\"async\" width=\"726\" height=\"726\" src=\"https:\/\/agenciaprana.com.br\/doutores\/wp-content\/uploads\/2023\/06\/criacao-de-logo-e-identidade-visual-prana-doutores.png\" class=\"attachment-large size-large wp-image-68\" alt=\"\" srcset=\"https:\/\/agenciaprana.com.br\/doutores\/wp-content\/uploads\/2023\/06\/criacao-de-logo-e-identidade-visual-prana-doutores.png 726w, https:\/\/agenciaprana.com.br\/doutores\/wp-content\/uploads\/2023\/06\/criacao-de-logo-e-identidade-visual-prana-doutores-300x300.png 300w, https:\/\/agenciaprana.com.br\/doutores\/wp-content\/uploads\/2023\/06\/criacao-de-logo-e-identidade-visual-prana-doutores-150x150.png 150w\" sizes=\"(max-width: 726px) 100vw, 726px\" \/>\t\t\t\t\t\t\t\t\t\t\t\t\t\t\t<\/div>\n\t\t\t\t<\/div>\n\t\t<div class=\"elementor-element elementor-element-b618a94 e-con-full e-flex e-con e-child\" data-id=\"b618a94\" data-element_type=\"container\" data-e-type=\"container\" data-settings=\"{&quot;jet_parallax_layout_list&quot;:[]}\">\n\t\t\t\t<div class=\"elementor-element elementor-element-70f1f81 elementor-widget elementor-widget-heading\" data-id=\"70f1f81\" data-element_type=\"widget\" data-e-type=\"widget\" data-widget_type=\"heading.default\">\n\t\t\t\t\t<h2 class=\"elementor-heading-title elementor-size-default\">Branding e Cria\u00e7\u00e3o de Marca<\/h2>\t\t\t\t<\/div>\n\t\t\t\t<div class=\"elementor-element elementor-element-5c990d3 elementor-widget elementor-widget-text-editor\" data-id=\"5c990d3\" data-element_type=\"widget\" data-e-type=\"widget\" data-widget_type=\"text-editor.default\">\n\t\t\t\t\t\t\t\t\t<p>Ao trabalhar com uma equipe de profissionais experientes em branding e marketing para m\u00e9dicos, voc\u00ea pode criar uma identidade visual que realmente se destaca e reflete os valores e a personalidade da sua cl\u00ednica m\u00e9dica.<\/p>\t\t\t\t\t\t\t\t<\/div>\n\t\t\t\t<div class=\"elementor-element elementor-element-8481dd5 elementor-widget elementor-widget-button\" data-id=\"8481dd5\" data-element_type=\"widget\" data-e-type=\"widget\" data-widget_type=\"button.default\">\n\t\t\t\t\t\t\t\t\t\t<a class=\"elementor-button elementor-button-link elementor-size-sm\" href=\"https:\/\/agenciaprana.com.br\/doutores\/marketing-para-medicos\/branding\/\">\n\t\t\t\t\t\t<span class=\"elementor-button-content-wrapper\">\n\t\t\t\t\t\t\t\t\t<span class=\"elementor-button-text\">Saiba mais<\/span>\n\t\t\t\t\t<\/span>\n\t\t\t\t\t<\/a>\n\t\t\t\t\t\t\t\t<\/div>\n\t\t\t\t<\/div>\n\t\t\t\t\t<\/div>\n\t\t\t\t<\/div>\n\t\t<div class=\"elementor-element elementor-element-280e5f1 e-flex e-con-boxed e-con e-parent\" data-id=\"280e5f1\" data-element_type=\"container\" data-e-type=\"container\" data-settings=\"{&quot;jet_parallax_layout_list&quot;:[]}\">\n\t\t\t\t\t<div class=\"e-con-inner\">\n\t\t<div class=\"elementor-element elementor-element-1e1e223 e-con-full e-flex e-con e-child\" data-id=\"1e1e223\" data-element_type=\"container\" data-e-type=\"container\" data-settings=\"{&quot;jet_parallax_layout_list&quot;:[]}\">\n\t\t\t\t<div class=\"elementor-element elementor-element-3c0e8c1 elementor-widget elementor-widget-image\" data-id=\"3c0e8c1\" data-element_type=\"widget\" data-e-type=\"widget\" data-widget_type=\"image.default\">\n\t\t\t\t\t\t\t\t\t\t\t\t\t\t\t<img loading=\"lazy\" decoding=\"async\" width=\"726\" height=\"726\" src=\"https:\/\/agenciaprana.com.br\/doutores\/wp-content\/uploads\/2023\/06\/seo-prana-doutores.png\" class=\"attachment-large size-large wp-image-66\" alt=\"\" srcset=\"https:\/\/agenciaprana.com.br\/doutores\/wp-content\/uploads\/2023\/06\/seo-prana-doutores.png 726w, https:\/\/agenciaprana.com.br\/doutores\/wp-content\/uploads\/2023\/06\/seo-prana-doutores-300x300.png 300w, https:\/\/agenciaprana.com.br\/doutores\/wp-content\/uploads\/2023\/06\/seo-prana-doutores-150x150.png 150w\" sizes=\"(max-width: 726px) 100vw, 726px\" \/>\t\t\t\t\t\t\t\t\t\t\t\t\t\t\t<\/div>\n\t\t\t\t<\/div>\n\t\t<div class=\"elementor-element elementor-element-3698162 e-con-full e-flex e-con e-child\" data-id=\"3698162\" data-element_type=\"container\" data-e-type=\"container\" data-settings=\"{&quot;jet_parallax_layout_list&quot;:[]}\">\n\t\t\t\t<div class=\"elementor-element elementor-element-34b6407 elementor-widget elementor-widget-heading\" data-id=\"34b6407\" data-element_type=\"widget\" data-e-type=\"widget\" data-widget_type=\"heading.default\">\n\t\t\t\t\t<h2 class=\"elementor-heading-title elementor-size-default\">SEO\n<\/h2>\t\t\t\t<\/div>\n\t\t\t\t<div class=\"elementor-element elementor-element-4ced3a9 elementor-widget elementor-widget-text-editor\" data-id=\"4ced3a9\" data-element_type=\"widget\" data-e-type=\"widget\" data-widget_type=\"text-editor.default\">\n\t\t\t\t\t\t\t\t\t<p>Ao otimizar seu site e conte\u00fado para os mecanismos de busca, voc\u00ea pode aumentar o tr\u00e1fego para o seu site, melhorar a qualidade dos seus leads e aumentar sua convers\u00e3o de pacientes.<\/p>\t\t\t\t\t\t\t\t<\/div>\n\t\t\t\t<div class=\"elementor-element elementor-element-3f6e648 elementor-widget elementor-widget-button\" data-id=\"3f6e648\" data-element_type=\"widget\" data-e-type=\"widget\" data-widget_type=\"button.default\">\n\t\t\t\t\t\t\t\t\t\t<a class=\"elementor-button elementor-button-link elementor-size-sm\" href=\"https:\/\/agenciaprana.com.br\/doutores\/marketing-para-medicos\/seo\/\">\n\t\t\t\t\t\t<span class=\"elementor-button-content-wrapper\">\n\t\t\t\t\t\t\t\t\t<span class=\"elementor-button-text\">Saiba mais<\/span>\n\t\t\t\t\t<\/span>\n\t\t\t\t\t<\/a>\n\t\t\t\t\t\t\t\t<\/div>\n\t\t\t\t<\/div>\n\t\t\t\t\t<\/div>\n\t\t\t\t<\/div>\n\t\t<div class=\"elementor-element elementor-element-59c262f e-flex e-con-boxed e-con e-parent\" data-id=\"59c262f\" data-element_type=\"container\" data-e-type=\"container\" data-settings=\"{&quot;jet_parallax_layout_list&quot;:[]}\">\n\t\t\t\t\t<div class=\"e-con-inner\">\n\t\t<div class=\"elementor-element elementor-element-9200249 e-con-full e-flex e-con e-child\" data-id=\"9200249\" data-element_type=\"container\" data-e-type=\"container\" data-settings=\"{&quot;jet_parallax_layout_list&quot;:[]}\">\n\t\t\t\t<div class=\"elementor-element elementor-element-94ec44b elementor-widget elementor-widget-image\" data-id=\"94ec44b\" data-element_type=\"widget\" data-e-type=\"widget\" data-widget_type=\"image.default\">\n\t\t\t\t\t\t\t\t\t\t\t\t\t\t\t<img loading=\"lazy\" decoding=\"async\" width=\"724\" height=\"726\" src=\"https:\/\/agenciaprana.com.br\/doutores\/wp-content\/uploads\/2023\/06\/blog-prana-doutores.png\" class=\"attachment-large size-large wp-image-67\" alt=\"\" srcset=\"https:\/\/agenciaprana.com.br\/doutores\/wp-content\/uploads\/2023\/06\/blog-prana-doutores.png 724w, https:\/\/agenciaprana.com.br\/doutores\/wp-content\/uploads\/2023\/06\/blog-prana-doutores-300x300.png 300w, https:\/\/agenciaprana.com.br\/doutores\/wp-content\/uploads\/2023\/06\/blog-prana-doutores-150x150.png 150w\" sizes=\"(max-width: 724px) 100vw, 724px\" \/>\t\t\t\t\t\t\t\t\t\t\t\t\t\t\t<\/div>\n\t\t\t\t<\/div>\n\t\t<div class=\"elementor-element elementor-element-77dde0e e-con-full e-flex e-con e-child\" data-id=\"77dde0e\" data-element_type=\"container\" data-e-type=\"container\" data-settings=\"{&quot;jet_parallax_layout_list&quot;:[]}\">\n\t\t\t\t<div class=\"elementor-element elementor-element-65f6bb0 elementor-widget elementor-widget-heading\" data-id=\"65f6bb0\" data-element_type=\"widget\" data-e-type=\"widget\" data-widget_type=\"heading.default\">\n\t\t\t\t\t<h2 class=\"elementor-heading-title elementor-size-default\">Cria\u00e7\u00e3o de Conte\u00fado para Blog\n<\/h2>\t\t\t\t<\/div>\n\t\t\t\t<div class=\"elementor-element elementor-element-150cd00 elementor-widget elementor-widget-text-editor\" data-id=\"150cd00\" data-element_type=\"widget\" data-e-type=\"widget\" data-widget_type=\"text-editor.default\">\n\t\t\t\t\t\t\t\t\t<p>Se voc\u00ea \u00e9 um m\u00e9dico que deseja aumentar sua presen\u00e7a online, educar seus pacientes em potencial e estabelecer sua autoridade na sua \u00e1rea de especializa\u00e7\u00e3o, ter um blog \u00e9 uma das melhores estrat\u00e9gias de marketing m\u00e9dico que voc\u00ea pode adotar.<\/p>\t\t\t\t\t\t\t\t<\/div>\n\t\t\t\t<div class=\"elementor-element elementor-element-a44c7ba elementor-widget elementor-widget-button\" data-id=\"a44c7ba\" data-element_type=\"widget\" data-e-type=\"widget\" data-widget_type=\"button.default\">\n\t\t\t\t\t\t\t\t\t\t<a class=\"elementor-button elementor-button-link elementor-size-sm\" href=\"https:\/\/agenciaprana.com.br\/doutores\/marketing-para-medicos\/blog\/\">\n\t\t\t\t\t\t<span class=\"elementor-button-content-wrapper\">\n\t\t\t\t\t\t\t\t\t<span class=\"elementor-button-text\">Saiba mais<\/span>\n\t\t\t\t\t<\/span>\n\t\t\t\t\t<\/a>\n\t\t\t\t\t\t\t\t<\/div>\n\t\t\t\t<\/div>\n\t\t\t\t\t<\/div>\n\t\t\t\t<\/div>\n\t\t<div class=\"elementor-element elementor-element-d3c00c6 e-flex e-con-boxed e-con e-parent\" data-id=\"d3c00c6\" data-element_type=\"container\" data-e-type=\"container\" data-settings=\"{&quot;background_background&quot;:&quot;classic&quot;,&quot;jet_parallax_layout_list&quot;:[]}\">\n\t\t\t\t\t<div class=\"e-con-inner\">\n\t\t\t\t<div class=\"elementor-element elementor-element-79a0453 elementor-widget elementor-widget-heading\" data-id=\"79a0453\" data-element_type=\"widget\" data-e-type=\"widget\" data-widget_type=\"heading.default\">\n\t\t\t\t\t<h2 class=\"elementor-heading-title elementor-size-default\">Quer saber como o marketing digital <br>\npode ajudar sua cl\u00ednica a crescer?<\/h2>\t\t\t\t<\/div>\n\t\t\t\t<div class=\"elementor-element elementor-element-83af8a5 elementor-align-center elementor-widget elementor-widget-button\" data-id=\"83af8a5\" data-element_type=\"widget\" data-e-type=\"widget\" data-widget_type=\"button.default\">\n\t\t\t\t\t\t\t\t\t\t<a class=\"elementor-button elementor-button-link elementor-size-md\" href=\"https:\/\/api.whatsapp.com\/send?phone=5521998999986&#038;text=Ol%C3%A1,%20estou%20no%20site%20da%20Prana%20e%20gostaria%20de%20saber%20mais%20sobre%20o%20servi%C3%A7o%20de...\" target=\"_blank\" rel=\"noopener\">\n\t\t\t\t\t\t<span class=\"elementor-button-content-wrapper\">\n\t\t\t\t\t\t\t\t\t<span class=\"elementor-button-text\">Fale com Especialista<\/span>\n\t\t\t\t\t<\/span>\n\t\t\t\t\t<\/a>\n\t\t\t\t\t\t\t\t<\/div>\n\t\t\t\t\t<\/div>\n\t\t\t\t<\/div>\n\t\t\t\t<\/div>\n\t\t","protected":false},"excerpt":{"rendered":"<p>Gest\u00e3o de Redes Sociais Com nossa equipe de especialistas em marketing para m\u00e9dicos, voc\u00ea ter\u00e1 acesso a estrat\u00e9gias comprovadas para aumentar sua presen\u00e7a online, gerar leads e aumentar suas convers\u00f5es, ou seja, vender mais e captar mais pacientes. Saiba mais Gest\u00e3o de Tr\u00e1fego Pago Google e MetaAds Investir em tr\u00e1fego pago \u00e9 uma estrat\u00e9gia comprovada [&hellip;]<\/p>\n","protected":false},"author":1,"featured_media":0,"parent":0,"menu_order":0,"comment_status":"closed","ping_status":"closed","template":"","meta":{"_acf_changed":false,"footnotes":""},"class_list":["post-3375","page","type-page","status-publish","hentry"],"acf":[],"_links":{"self":[{"href":"https:\/\/agenciaprana.com.br\/doutores\/wp-json\/wp\/v2\/pages\/3375","targetHints":{"allow":["GET"]}}],"collection":[{"href":"https:\/\/agenciaprana.com.br\/doutores\/wp-json\/wp\/v2\/pages"}],"about":[{"href":"https:\/\/agenciaprana.com.br\/doutores\/wp-json\/wp\/v2\/types\/page"}],"author":[{"embeddable":true,"href":"https:\/\/agenciaprana.com.br\/doutores\/wp-json\/wp\/v2\/users\/1"}],"replies":[{"embeddable":true,"href":"https:\/\/agenciaprana.com.br\/doutores\/wp-json\/wp\/v2\/comments?post=3375"}],"version-history":[{"count":0,"href":"https:\/\/agenciaprana.com.br\/doutores\/wp-json\/wp\/v2\/pages\/3375\/revisions"}],"wp:attachment":[{"href":"https:\/\/agenciaprana.com.br\/doutores\/wp-json\/wp\/v2\/media?parent=3375"}],"curies":[{"name":"wp","href":"https:\/\/api.w.org\/{rel}","templated":true}]}}